t of ((-1556)/6)/(2*1/(-6))?
7
Suppose 4*j + 6144 + 4664 = 4*g, 0 = -5*g + j + 13506. What is the hundreds digit of g?
7
Suppose -x - 2*x - 35 = -4*m, -5*m + 25 = 0. Let z(g) = -2*g**2 - 2*g + 6. Let q be z(x). Let t = q - -72. What is the units digit of t?
8
Let b = 24 - -220. Suppose n = 2*n - b. What is the units digit of 14/(-21) - n/(-6)?
0
What is the units digit of (-4)/18 - (-1612186)/558?
9
Suppose 2*i - 62 = 3*c, -42 = -0*c + 3*c + 3*i. Let o = c - -20. What is the units digit of o?
2
Let v = 64 - 81. Let j(c) = -2*c + 1. Let o be j(6). Let y = o - v. What is the units digit of y?
6
Let x = -65 - -69. What is the tens digit of (-1)/22*x + (-508)/(-11)?
4
Suppose -4*j = -3*a - 365, -92 = -2*j - a + 93. Suppose 15*l - 13*l = j. Suppose -3*v - l = -166. What is the tens digit of v?
4
Let o = 8 - 12. Let s(v) = -6*v + 3*v**2 + 7*v - 2 + 1 - 2*v**2. What is the tens digit of s(o)?
1
Suppose -7*r + 2*r + 25 = 0. Suppose 0 = 4*d - r*d + 4. Suppose -i + d*i = 9. What is the units digit of i?
3
Let c(g) = g**3 + 17*g**2 - 23*g + 4. Suppose -4*n = -0*n + 72. What is the tens digit of c(n)?
9
Let k = -30 - -176. Let x = 149 - k. What is the units digit of x?
3
Let a(t) = -t**3 + 32 + 0*t + 4*t**2 - 11*t**2 - 11*t**2 - t. What is the tens digit of a(-18)?
5
Let h(b) = 86*b - 417. Let l be h(6). Suppose -3*s + 4*s = 4. Suppose -61 - l = -s*r. What is the tens digit of r?
4
What is the thousands digit of (-2)/4 - (-8)/(112/25263)?
1
Suppose -3*l - 5*c + 15 = 0, -5*l - 3*c = 2*c - 15. Suppose l = 3*o - o - 364. What is the hundreds digit of o?
1
What is the units digit of 2/(-12) - -15*1192/144?
4
Suppose 4*p + p = -4*u + 15, 0 = p + u - 4. Let c(w) = -3*w**3 - w. Let g be c(p). Suppose 0 = -0*z - g*z + 236. What is the units digit of z?
9
Suppose -5*u + 9*u + 3*g = 1342, -2*u = -5*g - 684. What is the units digit of u?
7
What is the tens digit of (5 + -2269)/(2 - -3 - 6)?
6
Let a = 220 - -197. What is the hundreds digit of a?
4
Let z(f) = -14*f + 3. Let o be z(4). Let q = o + 149. What is the tens digit of q?
9
Suppose 4*y = -9*f + 5*f - 8, -12 = -3*f + 3*y. Let i be 1/(-4)*f*-44. What is the units digit of 31/4*(i - 7)?
1
What is the units digit of (5016/(-30) + -2)*140/(-6)?
8
Suppose 3*d - 20 = -2*d. Suppose -3*h - 5*q - 9 - 5 = 0, -d = h + q. What is the units digit of (-6)/9 - 5/h?
1
Let v = -16 - -24. Let w(u) = u**2 - 5*u - 8. Let d be w(v). Suppose k - 16 = d. What is the units digit of k?
2
Let s(m) = -4*m**3 - 7*m**2 - 6*m - 3. Let j(h) = h**3 + h**2 + h + 1. Let b(r) = 3*j(r) + s(r). What is the tens digit of b(-4)?
1
Let p(b) = -48*b**3 + 2*b**2 + 4*b + 2. What is the tens digit of p(-3)?
0
Let p(c) = c**3 - 9*c**2 + 7*c + 9. Let h be p(8). What is the units digit of (((-5)/(-10))/(h/(-212)))/(-1)?
6
Suppose -5*n = 5*q - 1935, 0 = -q + 5*n + 203 + 178. What is the tens digit of q?
8
Suppose -j + 1220 = k, -2*k + 1548 + 913 = -5*j. What is the hundreds digit of k?
2
Let u = -7 + 12. Suppose -2*b = -u*f - 31, 5*f = 4*b - 69 + 2. What is the tens digit of (b/7)/((-7)/(-98))?
3
Suppose -2*j + 4*q = -634, 8*q - 10*q = 4*j - 1268. What is the tens digit of j?
1
Suppose -r + 7*r = 0. Suppose -s + 0*s + 234 = r. Suppose -5*i - i = -s. What is the units digit of i?
9
Let w(f) = -56*f - 33. What is the hundreds digit of w(-5)?
2
Let w be (6/18)/(2/6). Let b(j) = j + 1. Let t be b(w). What is the tens digit of -2*t - 240/(-6)?
3
Let q be 67/7 - 16/168*6. What is the hundreds digit of (-2)/3 - ((-1482)/q + 2)?
1
Suppose l = -21 + 24. Suppose -71 = -4*z + l*z. What is the units digit of z?
1
Suppose 4*u + 2*k - 5*k - 2084 = 0, -2*u + 1024 = 3*k. What is the units digit of u?
8
Let i(n) = 13*n + 3. Let q be i(5). Let v = q + -9. Suppose -2*a - 5*j = -61, 2*a + j = -2*j + v. What is the tens digit of a?
2
Let w(t) = -24*t + 126. What is the units digit of w(-40)?
6
What is the units digit of (-140607)/(-45) - (-3 + 90/25)?
4
Let f(o) be the first derivative of -o**4/4 - o**2/2 + 29*o + 3. What is the units digit of f(0)?
9
Suppose 3*t = -2*m - 17, t = -5*m - t - 59. Let i = -28 - m. What is the tens digit of (i/(-10))/(3/22)?
1
Suppose f - 4*f = 0. Suppose 4*h - 5*h + 146 = f. Suppose 14 = -4*u + h. What is the tens digit of u?
3
Let q = -2046 - -4977. What is the tens digit of q?
3
Suppose -831 = -5*w - 2*m + 5547, 3*w + 2*m - 3826 = 0. What is the tens digit of w?
7
Let c = 1430 + 887. What is the hundreds digit of c?
3
Let b be 2*1 + 1*210 + 1. Suppose -3*k + b = -2*f, -k + 3*f = -4*k + 198. What is the tens digit of k?
6
Suppose -5*w - 4*z + 2452 = -w, -1835 = -3*w - 5*z. What is the units digit of w?
5
Suppose 1 = -4*p - 31. Let i(s) = 2*s**2 + 8*s - 11. Let r be i(p). Suppose d + 14 = r. What is the tens digit of d?
3
Let y be -2*3*20 - (7 + -8). What is the units digit of 30/90 - y/3?
0
Let l(c) = 285*c - 2. Let v be l(-2). Let x be (-20)/(-15) + v/(-3). Suppose 2*m + 4*b = 124, 3*b - x = -6*m + 3*m. What is the units digit of m?
6
Let a be ((-108)/(-8))/((-1)/2). Let z = 18 - a. What is the units digit of z?
5
Let q(b) = b**3 + 20*b**2 + 21*b + 35. Let t be q(-19). What is the tens digit of (-271)/t*3 - (-2 + 2)?
7
What is the tens digit of (-14)/(-4) + 11340/24?
7
Let m = -150 - -155. What is the hundreds digit of ((-8)/2 - -32)*m?
1
Let y(r) = 36*r**2 - 7*r - 10. What is the tens digit of y(3)?
9
Suppose -2097 = -402*r + 401*r. What is the hundreds digit of r?
0
Suppose -12 = 3*m - 4*m. Suppose -5*a + m = 3*s, 2*a - 12 + 3 = 3*s. Suppose -2*q - a = -79. What is the tens digit of q?
3
Let b(z) = z**2 + 4*z - 8. Let h be b(-5). Let u = 2 + 8. Let d = u + h. What is the units digit of d?
7
Suppose 0 = -4*m + 187 + 93. Let p = 144 + m. What is the hundreds digit of p?
2
Suppose -3*d - 3*a + 35 + 130 = 0, 113 = 2*d + a. Suppose d = 3*m - 2*m. What is the tens digit of m?
5
Let i(m) = 8*m**2 - 2*m. Let x(t) = -7*t - 1. Let b be x(-1). Suppose 4*w - w = b. What is the tens digit of i(w)?
2
Let c = 19 + -14. Suppose -c*h = -216 + 76. Let l = h - 8. What is the units digit of l?
0
Let a(i) = -i**2 + 11*i. Suppose -30 = -2*t + 4*r, t + 5*r + 15 = -t. What is the tens digit of a(t)?
3
What is the units digit of (0 + 22/(-3))/((-10)/1065)?
1
Let p = 124 - 52. What is the units digit of ((-2)/4)/((-6)/p)?
6
Suppose -27*c + 3 = -26*c. Suppose -c*j + 160 + 68 = 0. What is the tens digit of j?
7
Let v(q) = -q**2 - 64*q + 38. What is the hundreds digit of v(-32)?
0
Let s(u) = u**3 - 5*u**2 - 161*u + 15. What is the hundreds digit of s(16)?
2
Suppose 0 = 4*l - 2*x - 204, -5*l - 5*x + 4*x = -255. Suppose -l = -p + 166. What is the units digit of p?
7
Let p(j) = 30*j**3 + 7*j - j**2 + 7*j - 14*j + 1. What is the tens digit of p(1)?
3
Let c be (-3)/((-3)/173) - -5. Let r = 249 - c. What is the tens digit of r?
7
Suppose -3*u + 482 + 112 = 0. Suppose u + 54 = 3*a. What is the tens digit of a?
8
Suppose 2*i = h - 12, -4*i = 5*h + 6 + 18. Let j be 148/i + 5/(-15). Let o = -10 - j. What is the units digit of o?
5
Suppose -5*q + 48 = 23. Let x(l) = 2*l**3 - 2*l**2 - l - 9. What is the hundreds digit of x(q)?
1
Let g = 480 - -209. What is the hundreds digit of g?
6
Suppose 7*d - 6*d = 5. Suppose -2*v + 9 = -d*v - 5*s, 4*v = s + 11. Suppose 16 = -v*y + 44. What is the tens digit of y?
1
Let r = -132 - -200. Suppose -5*x = -203 + r. What is the tens digit of x?
2
Let t(q) = 0*q**3 + 4*q**2 + 2*q + 0*q + 0*q**3 + 2*q**3. Let u be t(-2). What is the units digit of 168/16*u/(-6)?
7
What is the hundreds digit of (-7)/((-21)/2070) + (-1 - 3)?
6
Let z = -808 + 1559. What is the units digit of z?
1
Let m be -66*(3 - 21/6). Suppose 5*a + 2*j - 25 = j, 2*a - m = -5*j. Suppose 2*q = a*q - 128. What is the units digit of q?
4
Let p(g) = -494*g + 30. What is the units digit of p(-2)?
8
Suppose 0*p - 3*p + 3763 = 4*r, 4*r = -4*p + 5024. What is the tens digit of p?
6
Let c(n) = -n**3 + 5*n**2 - 2*n - 3. Let w be c(4). Suppose w*p - 619 = -119. What is the units digit of p?
0
Let y = 474 + -262. Suppose 44 + y = 8*t. What is the units digit of t?
2
Let w be 4/(-4) - (-1 + -12). Suppose 3*t = -w, -6*b + 2*b - 4*t - 160 = 0. Let f = 75 + b. What is the units digit of f?
9
What is the units digit of (-32)/40*(2 - (-1845)/(-10))?
6
Let v be 13 - ((-5)/10)/(2/(-4)). Suppose j + 3*m 